[INFO] cloning repository https://github.com/peterr-s/n-adj-compat
[INFO] running `Command { std: "git" "-c" "credential.helper=" "-c" "credential.helper=/workspace/cargo-home/bin/git-credential-null" "clone" "--bare" "https://github.com/peterr-s/n-adj-compat" "/workspace/cache/git-repos/https%3A%2F%2Fgithub.com%2Fpeterr-s%2Fn-adj-compat", kill_on_drop: false }`
[INFO] [stderr] Cloning into bare repository '/workspace/cache/git-repos/https%3A%2F%2Fgithub.com%2Fpeterr-s%2Fn-adj-compat'...
[INFO] running `Command { std: "git" "rev-parse" "HEAD", kill_on_drop: false }`
[INFO] [stdout] 5d9395c6b4638a78958716e01750de42c5f0c832
[INFO] checking peterr-s/n-adj-compat against try#72f88fc4e9458f89516a0b8b0868f3718aec5b47 for pr-74989
[INFO] running `Command { std: "git" "clone" "/workspace/cache/git-repos/https%3A%2F%2Fgithub.com%2Fpeterr-s%2Fn-adj-compat" "/workspace/builds/worker-4/source", kill_on_drop: false }`
[INFO] [stderr] Cloning into '/workspace/builds/worker-4/source'...
[INFO] [stderr] done.
[INFO] validating manifest of git repo https://github.com/peterr-s/n-adj-compat on toolchain 72f88fc4e9458f89516a0b8b0868f3718aec5b47
[INFO] running `Command { std: "/workspace/cargo-home/bin/cargo" "+72f88fc4e9458f89516a0b8b0868f3718aec5b47" "read-manifest" "--manifest-path" "Cargo.toml", kill_on_drop: false }`
[INFO] started tweaking git repo https://github.com/peterr-s/n-adj-compat
[INFO] finished tweaking git repo https://github.com/peterr-s/n-adj-compat
[INFO] tweaked toml for git repo https://github.com/peterr-s/n-adj-compat written to /workspace/builds/worker-4/source/Cargo.toml
[INFO] crate git repo https://github.com/peterr-s/n-adj-compat already has a lockfile, it will not be regenerated
[INFO] running `Command { std: "/workspace/cargo-home/bin/cargo" "+72f88fc4e9458f89516a0b8b0868f3718aec5b47" "fetch" "--locked" "--manifest-path" "Cargo.toml", kill_on_drop: false }`
[INFO] [stderr]  Downloading crates ...
[INFO] [stderr]   Downloaded simd v0.2.2
[INFO] [stderr]   Downloaded ndarray v0.11.2
[INFO] [stderr]   Downloaded console v0.6.1
[INFO] [stderr]   Downloaded curl v0.4.12
[INFO] [stderr]   Downloaded aligned_alloc v0.1.3
[INFO] [stderr]   Downloaded rust2vec v0.3.1
[INFO] [stderr]   Downloaded tensorflow-sys v0.11.0
[INFO] [stderr]   Downloaded bloom v0.3.2
[INFO] [stderr]   Downloaded tensorflow v0.8.0
[INFO] [stderr]   Downloaded backtrace v0.3.7
[INFO] [stderr]   Downloaded aho-corasick v0.6.7
[INFO] [stderr]   Downloaded xattr v0.2.1
[INFO] [stderr]   Downloaded tar v0.4.15
[INFO] [stderr]   Downloaded socket2 v0.3.6
[INFO] [stderr]   Downloaded curl-sys v0.4.5
[INFO] running `Command { std: "docker" "create" "-v" "/var/lib/crater-agent-workspace/builds/worker-4/target:/opt/rustwide/target:rw,Z" "-v" "/var/lib/crater-agent-workspace/builds/worker-4/source:/opt/rustwide/workdir:ro,Z" "-v" "/var/lib/crater-agent-workspace/cargo-home:/opt/rustwide/cargo-home:ro,Z" "-v" "/var/lib/crater-agent-workspace/rustup-home:/opt/rustwide/rustup-home:ro,Z" "-e" "SOURCE_DIR=/opt/rustwide/workdir" "-e" "CARGO_TARGET_DIR=/opt/rustwide/target" "-e" "CARGO_HOME=/opt/rustwide/cargo-home" "-e" "RUSTUP_HOME=/opt/rustwide/rustup-home" "-w" "/opt/rustwide/workdir" "-m" "1610612736" "--user" "0:0" "--network" "none" "rustops/crates-build-env@sha256:d92eaeed33fa75130ca1ee6c8a01d1ffb62bac859dfdfb3450e3e5d1c0146529" "/opt/rustwide/cargo-home/bin/cargo" "+72f88fc4e9458f89516a0b8b0868f3718aec5b47" "metadata" "--no-deps" "--format-version=1", kill_on_drop: false }`
[INFO] [stdout] 8223efd0ea8b4486bab033e2ddd3937033ea3b4e01e0b121e08a53c9dd572175
[INFO] [stderr] WARNING: Your kernel does not support swap limit capabilities or the cgroup is not mounted. Memory limited without swap.
[INFO] running `Command { std: "docker" "start" "-a" "8223efd0ea8b4486bab033e2ddd3937033ea3b4e01e0b121e08a53c9dd572175", kill_on_drop: false }`
[INFO] running `Command { std: "docker" "inspect" "8223efd0ea8b4486bab033e2ddd3937033ea3b4e01e0b121e08a53c9dd572175", kill_on_drop: false }`
[INFO] running `Command { std: "docker" "rm" "-f" "8223efd0ea8b4486bab033e2ddd3937033ea3b4e01e0b121e08a53c9dd572175", kill_on_drop: false }`
[INFO] [stdout] 8223efd0ea8b4486bab033e2ddd3937033ea3b4e01e0b121e08a53c9dd572175
[INFO] running `Command { std: "docker" "create" "-v" "/var/lib/crater-agent-workspace/builds/worker-4/target:/opt/rustwide/target:rw,Z" "-v" "/var/lib/crater-agent-workspace/builds/worker-4/source:/opt/rustwide/workdir:ro,Z" "-v" "/var/lib/crater-agent-workspace/cargo-home:/opt/rustwide/cargo-home:ro,Z" "-v" "/var/lib/crater-agent-workspace/rustup-home:/opt/rustwide/rustup-home:ro,Z" "-e" "SOURCE_DIR=/opt/rustwide/workdir" "-e" "CARGO_TARGET_DIR=/opt/rustwide/target" "-e" "CARGO_INCREMENTAL=0" "-e" "RUST_BACKTRACE=full" "-e" "RUSTFLAGS=--cap-lints=forbid" "-e" "CARGO_HOME=/opt/rustwide/cargo-home" "-e" "RUSTUP_HOME=/opt/rustwide/rustup-home" "-w" "/opt/rustwide/workdir" "-m" "1610612736" "--user" "0:0" "--network" "none" "rustops/crates-build-env@sha256:d92eaeed33fa75130ca1ee6c8a01d1ffb62bac859dfdfb3450e3e5d1c0146529" "/opt/rustwide/cargo-home/bin/cargo" "+72f88fc4e9458f89516a0b8b0868f3718aec5b47" "check" "--frozen" "--all" "--all-targets" "--message-format=json", kill_on_drop: false }`
[INFO] [stdout] 96072a35b0fc3b4f5dc7571a966b6d3994d9128db9fca8f9a48571969ec45e1c
[INFO] [stderr] WARNING: Your kernel does not support swap limit capabilities or the cgroup is not mounted. Memory limited without swap.
[INFO] running `Command { std: "docker" "start" "-a" "96072a35b0fc3b4f5dc7571a966b6d3994d9128db9fca8f9a48571969ec45e1c", kill_on_drop: false }`
[INFO] [stderr]     Checking libc v0.2.40
[INFO] [stderr]    Compiling pkg-config v0.3.11
[INFO] [stderr]    Compiling cfg-if v0.1.3
[INFO] [stderr]    Compiling num-traits v0.2.4
[INFO] [stderr]    Compiling winapi-build v0.1.1
[INFO] [stderr]     Checking void v1.0.2
[INFO] [stderr]    Compiling openssl-probe v0.1.2
[INFO] [stderr]    Compiling semver-parser v0.7.0
[INFO] [stderr]    Compiling matrixmultiply v0.1.14
[INFO] [stderr]     Checking stable_deref_trait v1.1.1
[INFO] [stderr]     Checking winapi v0.2.8
[INFO] [stderr]    Compiling serde v1.0.70
[INFO] [stderr]     Checking scopeguard v0.3.3
[INFO] [stderr]    Compiling regex v0.2.11
[INFO] [stderr]    Compiling ndarray v0.11.2
[INFO] [stderr]     Checking utf8-ranges v1.0.1
[INFO] [stderr]     Checking lazy_static v0.2.11
[INFO] [stderr]     Checking bit-vec v0.4.4
[INFO] [stderr]     Checking simd v0.2.2
[INFO] [stderr]    Compiling miniz-sys v0.1.10
[INFO] [stderr]    Compiling backtrace-sys v0.1.16
[INFO] [stderr]     Checking itertools v0.7.8
[INFO] [stderr]     Checking itertools v0.6.5
[INFO] [stderr]     Checking regex-syntax v0.5.6
[INFO] [stdout] error[E0277]: the trait bound `U: Simd` is not satisfied
[INFO] [stdout]    --> /opt/rustwide/cargo-home/registry/src/github.com-1ecc6299db9ec823/simd-0.2.2/src/lib.rs:185:19
[INFO] [stdout]     |
[INFO] [stdout] 58  | pub unsafe trait Simd {
[INFO] [stdout]     |                  ---- required by a bound in this
[INFO] [stdout] 59  |     /// The corresponding boolean vector type.
[INFO] [stdout] 60  |     type Bool: Simd;
[INFO] [stdout]     |                ---- required by this bound in `Simd`
[INFO] [stdout] ...
[INFO] [stdout] 185 |     fn simd_eq<T: Simd<Bool = U>, U>(x: T, y: T) -> U;
[INFO] [stdout]     |                   ^^^^^^^^^^^^^^ the trait `Simd` is not implemented for `U`
[INFO] [stdout] 
[INFO] [stdout] 
[INFO] [stdout] error[E0277]: the trait bound `U: Simd` is not satisfied
[INFO] [stdout]    --> /opt/rustwide/cargo-home/registry/src/github.com-1ecc6299db9ec823/simd-0.2.2/src/lib.rs:186:19
[INFO] [stdout]     |
[INFO] [stdout] 58  | pub unsafe trait Simd {
[INFO] [stdout]     |                  ---- required by a bound in this
[INFO] [stdout] 59  |     /// The corresponding boolean vector type.
[INFO] [stdout] 60  |     type Bool: Simd;
[INFO] [stdout]     |                ---- required by this bound in `Simd`
[INFO] [stdout] ...
[INFO] [stdout] 186 |     fn simd_ne<T: Simd<Bool = U>, U>(x: T, y: T) -> U;
[INFO] [stdout]     |                   ^^^^^^^^^^^^^^ the trait `Simd` is not implemented for `U`
[INFO] [stdout] 
[INFO] [stdout] 
[INFO] [stdout] error[E0277]: the trait bound `U: Simd` is not satisfied
[INFO] [stdout]    --> /opt/rustwide/cargo-home/registry/src/github.com-1ecc6299db9ec823/simd-0.2.2/src/lib.rs:187:19
[INFO] [stdout]     |
[INFO] [stdout] 58  | pub unsafe trait Simd {
[INFO] [stdout]     |                  ---- required by a bound in this
[INFO] [stdout] 59  |     /// The corresponding boolean vector type.
[INFO] [stdout] 60  |     type Bool: Simd;
[INFO] [stdout]     |                ---- required by this bound in `Simd`
[INFO] [stdout] ...
[INFO] [stdout] 187 |     fn simd_lt<T: Simd<Bool = U>, U>(x: T, y: T) -> U;
[INFO] [stdout]     |                   ^^^^^^^^^^^^^^ the trait `Simd` is not implemented for `U`
[INFO] [stdout] 
[INFO] [stdout] 
[INFO] [stdout] error[E0277]: the trait bound `U: Simd` is not satisfied
[INFO] [stdout]    --> /opt/rustwide/cargo-home/registry/src/github.com-1ecc6299db9ec823/simd-0.2.2/src/lib.rs:188:19
[INFO] [stdout]     |
[INFO] [stdout] 58  | pub unsafe trait Simd {
[INFO] [stdout]     |                  ---- required by a bound in this
[INFO] [stdout] 59  |     /// The corresponding boolean vector type.
[INFO] [stdout] 60  |     type Bool: Simd;
[INFO] [stdout]     |                ---- required by this bound in `Simd`
[INFO] [stdout] ...
[INFO] [stdout] 188 |     fn simd_le<T: Simd<Bool = U>, U>(x: T, y: T) -> U;
[INFO] [stdout]     |                   ^^^^^^^^^^^^^^ the trait `Simd` is not implemented for `U`
[INFO] [stdout] 
[INFO] [stdout] 
[INFO] [stdout] error[E0277]: the trait bound `U: Simd` is not satisfied
[INFO] [stdout]    --> /opt/rustwide/cargo-home/registry/src/github.com-1ecc6299db9ec823/simd-0.2.2/src/lib.rs:189:19
[INFO] [stdout]     |
[INFO] [stdout] 58  | pub unsafe trait Simd {
[INFO] [stdout]     |                  ---- required by a bound in this
[INFO] [stdout] 59  |     /// The corresponding boolean vector type.
[INFO] [stdout] 60  |     type Bool: Simd;
[INFO] [stdout]     |                ---- required by this bound in `Simd`
[INFO] [stdout] ...
[INFO] [stdout] 189 |     fn simd_gt<T: Simd<Bool = U>, U>(x: T, y: T) -> U;
[INFO] [stdout]     |                   ^^^^^^^^^^^^^^ the trait `Simd` is not implemented for `U`
[INFO] [stdout] 
[INFO] [stdout] 
[INFO] [stdout] error[E0277]: the trait bound `U: Simd` is not satisfied
[INFO] [stdout]    --> /opt/rustwide/cargo-home/registry/src/github.com-1ecc6299db9ec823/simd-0.2.2/src/lib.rs:190:19
[INFO] [stdout]     |
[INFO] [stdout] 58  | pub unsafe trait Simd {
[INFO] [stdout]     |                  ---- required by a bound in this
[INFO] [stdout] 59  |     /// The corresponding boolean vector type.
[INFO] [stdout] 60  |     type Bool: Simd;
[INFO] [stdout]     |                ---- required by this bound in `Simd`
[INFO] [stdout] ...
[INFO] [stdout] 190 |     fn simd_ge<T: Simd<Bool = U>, U>(x: T, y: T) -> U;
[INFO] [stdout]     |                   ^^^^^^^^^^^^^^ the trait `Simd` is not implemented for `U`
[INFO] [stdout] 
[INFO] [stdout] 
[INFO] [stderr]     Checking thread_local v0.3.6
[INFO] [stderr]     Checking unreachable v1.0.0
[INFO] [stderr]     Checking owning_ref v0.3.3
[INFO] [stdout] error: aborting due to 6 previous errors
[INFO] [stdout] 
[INFO] [stdout] 
[INFO] [stdout] For more information about this error, try `rustc --explain E0277`.
[INFO] [stdout] 
[INFO] [stderr]    Compiling semver v0.9.0
[INFO] [stderr] error: could not compile `simd`.
[INFO] [stderr] 
[INFO] [stderr] To learn more, run the command again with --verbose.
[INFO] [stderr] warning: build failed, waiting for other jobs to finish...
[INFO] [stderr] error: build failed
[INFO] running `Command { std: "docker" "inspect" "96072a35b0fc3b4f5dc7571a966b6d3994d9128db9fca8f9a48571969ec45e1c", kill_on_drop: false }`
[INFO] running `Command { std: "docker" "rm" "-f" "96072a35b0fc3b4f5dc7571a966b6d3994d9128db9fca8f9a48571969ec45e1c", kill_on_drop: false }`
[INFO] [stdout] 96072a35b0fc3b4f5dc7571a966b6d3994d9128db9fca8f9a48571969ec45e1c
